the remainder when 38 is divided by k?
8
Let d be 1*(-2 - (-12)/3). Suppose 0 = 5*k - d*k - 21. What is the remainder when k is divided by 3?
1
Let a = -3 + 5. Let n = a + -2. Let l(w) = -w**2 - w + 34. What is the remainder when l(n) is divided by 12?
10
Suppose -6 - 3 = -2*w - j, -2*w - 1 = -j. Suppose 0 = 5*i + w*n - 91, 0*i + i - 4*n = 27. Suppose o + 0 = i. Calculate the remainder when o is divided by 7.
5
Let m(r) = -r + 4*r + 3*r**2 - 2*r**2. Suppose d - 70 = -4*d. Calculate the remainder when m(5) is divided by d.
12
Let i = 3 - 5. Let p be ((-1)/i)/((-3)/84). Calculate the remainder when 3 is divided by (-72)/(-42) + (-4)/p.
1
Suppose -l = l - 16. Let u = 11 - 6. What is the remainder when l is divided by u?
3
Suppose 3*y - m - 4*m - 681 = 0, 4*y - 2*m = 894. Suppose 6 = x - 3*x, -3*b - 3*x + y = 0. What is the remainder when b is divided by 20?
17
Let u be (4/10)/(2/(-10)). Calculate the remainder when (16/(-6))/(u/24) is divided by 11.
10
Calculate the remainder when (2/(-7))/((-2)/154) is divided by 13.
9
Let x be (1/(0 - 1))/(-1). Let s = x + 1. Let h(k) = 5*k**2 - 2*k + 3. What is the remainder when h(s) is divided by 10?
9
Let c(m) = m**2 + 6*m. What is the remainder when c(-8) is divided by 9?
7
Let x = -64 - -210. What is the remainder when x is divided by 37?
35
Let w be ((-6)/9)/((-6)/603). Suppose 4*b = -s + 88, -3*s = b - 309 + w. Calculate the remainder when s is divided by 27.
26
Let h(m) = -7*m - 8. Let n(i) = i**3 + 11*i**2 - 15*i - 18. Calculate the remainder when h(-6) is divided by n(-12).
16
Let k = 8 - 2. Let c = 49 - 27. What is the remainder when c is divided by 3*3 - k/6?
6
Suppose -2*i + 3*i = 30. Calculate the remainder when i is divided by 17.
13
Let f = 0 + 2. Let s(d) = -d - 2*d + f*d + 5*d**2. What is the remainder when 7 is divided by s(1)?
3
Let w = -57 + 71. What is the remainder when 23 is divided by w?
9
Let s = 2 + 31. Calculate the remainder when s is divided by 18.
15
Let p = 15 + -10. Let o(i) = -i**3 + 15*i**2 - 14*i + 3. Calculate the remainder when p is divided by o(14).
2
Let r = 17 - 10. Let j = -3 + 6. Suppose 0 = -j*p + 2*p + 3. What is the remainder when r is divided by p?
1
Let r(h) = -2*h**3 - h**2 + 8*h - 1. Let q(t) = -6*t**3 - 3*t**2 + 23*t - 3. Let v(u) = 6*q(u) - 17*r(u). Calculate the remainder when 19 is divided by v(-2).
5
Let c(s) = -s**2 + 12*s + 3. Let r = 24 + -15. Calculate the remainder when c(r) is divided by 16.
14
Suppose r = 3*r + 2*o - 38, -2*r + 45 = -5*o. Calculate the remainder when r is divided by 11.
9
Let r(o) = -o**2 + 8*o + 6. Let h be r(9). Calculate the remainder when ((-1)/3)/(h/549) is divided by 16.
13
Suppose -2*f - 4*c + 42 = 0, 114 = 5*f - 3*c - 43. Suppose 0 = -r + 33 + f. What is the remainder when r is divided by 21?
20
Let v = 19 - -7. Calculate the remainder when v is divided by 7.
5
Calculate the remainder when 0 + 0 - (-4 + 1)*25 is divided by 26.
23
Suppose 19 = -5*u + 69. Suppose -4*b - b = u. Calculate the remainder when 414/8 + b/(-8) is divided by 18.
16
Let r = -11 - -30. Suppose 2*d = r + 19. Calculate the remainder when d is divided by 7.
5
Suppose -4*d - 2*k = -22, -4*d + 0*k + 25 = -k. Let a(p) = p**2 - 11*p + 8. Let q be a(d). Let x = -12 - q. What is the remainder when 18 is divided by x?
8
Let f(s) = 3*s**2 + 5*s - 11. What is the remainder when 47 is divided by f(-4)?
13
Let d = 368 + -211. What is the remainder when d is divided by 20?
17
Let h(q) = q - 1. Let t be h(1). Suppose t = -0*s + 4*s - 16. Suppose -6 + 2 = -2*x. Calculate the remainder when s is divided by x.
0
Suppose 16*n - 19*n = -66. What is the remainder when n is divided by 6?
4
Suppose 2*b + 3*x + 6 = 0, 0*x + 4*x + 22 = 2*b. Suppose -3*t + 7 = -11. Suppose 0 = -t*s + b*s + 39. Calculate the remainder when 25 is divided by s.
12
Let x be 80/15 - (-2)/(-6). Suppose x*w = v + 21, 2*w - 19 - 3 = -3*v. Calculate the remainder when 14 is divided by w.
4
Suppose -6*l + 36 = -6. Let y(r) = 6 - 6*r - r**2 - 4*r + 3*r. What is the remainder when y(-6) is divided by l?
5
Suppose -3*c - 34 = -10. Let y = c - -16. Calculate the remainder when 31 is divided by y.
7
Let g = 56 - 36. Let z = g - 14. Suppose 0 = -s + h + 17, z*h - 2*h = s - 32. What is the remainder when 34 is divided by s?
10
Suppose 4*u - 5*s - 15 = 0, -3*s + 29 + 6 = 2*u. Let j be 42/4*10/3. Suppose 0 = 3*z - 49 - j. Calculate the remainder when z is divided by u.
8
Suppose 7*p - 62 = 43. Calculate the remainder when 4/(4/27) + 1 is divided by p.
13
Let p be (-208)/(-7) - 8/(-28). Let r = 66 - p. What is the remainder when r is divided by 19?
17
Suppose 7 = -3*a - 5. Calculate the remainder when 201/4 + 1/a is divided by 17.
16
Let z = 41 - 75. Let p = 80 + z. What is the remainder when (p/(-4))/(1/(-2)) is divided by 6?
5
Let y(h) = -h**3 - 2*h**2 - 3*h - 2. Let o = 12 + -3. Calculate the remainder when o is divided by y(-2).
1
Suppose -57 = -4*d + 131. Suppose -g + n = -d, 2*g - 5*n = -g + 145. What is the remainder when g is divided by 16?
13
Let t(u) = u**3 - 5*u**2 - 5*u - 1. Let o be t(6). Suppose 59 = o*p + 4*m - 66, 5*p + 3*m - 130 = 0. What is the remainder when p is divided by 15?
14
Suppose -3*k - 32 = k. Let g be 20/k*6/(-5). Suppose g*c + a - 70 = 0, 3*c - a + 0*a - 68 = 0. What is the remainder when 67 is divided by c?
21
Suppose 26*t + 39 = 29*t. Calculate the remainder when 60 is divided by t.
8
Suppose 0 = h - 5*h + 8, t + 4*h - 22 = 0. Let s = t - 10. What is the remainder when 9 is divided by s?
1
Let y = -19 + 36. What is the remainder when y is divided by 5?
2
Let h be ((-9)/27)/(1/(-6)). What is the remainder when -42*(-2 + 1/h) is divided by 16?
15
What is the remainder when 40/(-6)*(-5 - -2) is divided by (-3 + 4)/(6/42)?
6
Let r = 25 - -58. Let q = 139 - r. Let n(a) = a**3 + 9*a**2 + 14*a - 5. What is the remainder when q is divided by n(-6)?
18
What is the remainder when (-1 - (-5 - -3))*(24 + 1) is divided by 4?
1
Suppose 2*b - 3*b + 31 = 0. Calculate the remainder when b is divided by 12.
7
Suppose -4*p + 30 = -2*p. Let l = p + -10. What is the remainder when 12 is divided by l?
2
Let f = 128 - 116. What is the remainder when 68 is divided by f?
8
Let i(d) = -8*d + 11. Let b(m) = 4*m - 5. Let w(a) = 9*b(a) + 4*i(a). What is the remainder when w(16) is divided by 22?
19
Suppose 3*m = 67 - 1. What is the remainder when m is divided by 13?
9
Let m(u) = 9*u. Let r be (3 - 4) + (1 - -1). What is the remainder when 42 is divided by m(r)?
6
Let v = 3 - -2. Suppose 0 = v*l - 108 - 62. Calculate the remainder when l is divided by 12.
10
Suppose 2*y = -0*y + 48. Suppose q + q = y. What is the remainder when 47 is divided by q?
11
Suppose -3*m + 5*v = -41, 4*v - 8 = -m - 0*m. Let a = -59 - -92. Calculate the remainder when a is divided by (0 + m)/(2/2).
9
Let b(v) = 4*v**2 + 2*v + 1. What is the remainder when b(3) is divided by 22?
21
Calculate the remainder when 66 is divided by (6/(-12))/((-1)/46).
20
Calculate the remainder when 52 is divided by 74/4 + (-3)/(-2).
12
Suppose 0 = -5*z - 5*p + 50, -5*z + 3*z = -p - 5. Let w = 16 + -10. What is the remainder when ((-4)/w)/(8/(-84)) is divided by z?
2
Suppose -4*r - z + 264 = 0, 181 = 3*r + 2*z + 3*z. Calculate the remainder when r is divided by 17.
16
Let p = -56 + 114. Calculate the remainder when p is divided by 21.
16
Suppose -r - 25 = 5*m, 7*r - 2*r - 20 = 4*m. Let o be (-1)/3*m*3. Suppose -4*z - o*t = -66, z = -3*t + 12 + 1. What is the remainder when z is divided by 7?
5
Let m(n) = -n**2 - 9*n - 11. What is the remainder when 17 is divided by m(-5)?
8
Let d = 6 + -4. Let o = 4 - d. Suppose 0 = o*i - 10 - 2. What is the remainder when 16 is divided by i?
4
Let x = -1 + -9. Let h = x - -17. Suppose 0 = 2*l + 4*u - 4, -3*u = -6*l + 3*l + 51. Calculate the remainder when l is divided by h.
5
Calculate the remainder when 30 is divided by (-9)/3*(-48)/9.
14
Suppose -69 - 87 = -2*a. What is the remainder when a is divided by 20?
18
Let d = -18 + 31. What is the remainder when 62 is divided by d?
10
Let n(m) = m**2 - 3*m + 3. Let d be n(3). Let x be d/4 - 6/8. Let c(b) = b**2 - b + 11. What is the remainder when 43 is divided by c(x)?
10
Suppose -2*n - 2*n = -44. What is the remainder when 31 is divided by n?
9
Calculate the remainder when 